764393?
4
What is the ten thousands digit of 919202?
1
What is the units digit of 550792?
2
What is the ten millions digit of 14674924?
1
What is the ten thousands digit of 2303536?
0
What is the tens digit of 141362?
6
What is the hundreds digit of 647689?
6
What is the tens digit of 1525806?
0
What is the thousands digit of 248339?
8
What is the tens digit of 7592058?
5
What is the hundreds digit of 17287111?
1
What is the ten thousands digit of 66439?
6
What is the ten thousands digit of 211076?
1
What is the thousands digit of 323765?
3
What is the hundred thousands digit of 179874?
1
What is the tens digit of 15539547?
4
What is the ten thousands digit of 61929?
6
What is the ten thousands digit of 20866965?
6
What is the hundreds digit of 6743231?
2
What is the hundreds digit of 14748342?
3
What is the thousands digit of 281160?
1
What is the units digit of 118460?
0
What is the millions digit of 3654558?
3
What is the thousands digit of 61875?
1
What is the hundreds digit of 363153?
1
What is the units digit of 614873?
3
What is the units digit of 80666?
6
What is the ten thousands digit of 6231186?
3
What is the tens digit of 343596?
9
What is the tens digit of 980273?
7
What is the units digit of 9841?
1
What is the units digit of 3885997?
7
What is the tens digit of 15310188?
8
What is the tens digit of 814664?
6
What is the thousands digit of 96226?
6
What is the tens digit of 316655?
5
What is the ten thousands digit of 571059?
7
What is the ten millions digit of 11077634?
1
What is the units digit of 211804?
4
What is the units digit of 1932715?
5
What is the hundred thousands digit of 2478886?
4
What is the ten thousands digit of 172890?
7
What is the hundred thousands digit of 6216359?
2
What is the ten thousands digit of 1472136?
7
What is the units digit of 742996?
6
What is the ten thousands digit of 205104?
0
What is the hundreds digit of 5162259?
2
What is the hundred thousands digit of 6014289?
0
What is the ten thousands digit of 1807276?
0
What is the millions digit of 3241856?
3
What is the tens digit of 1342340?
4
What is the hundred thousands digit of 896141?
8
What is the tens digit of 4874016?
1
What is the units digit of 13280554?
4
What is the units digit of 174373?
3
What is the units digit of 296620?
0
What is the thousands digit of 1860737?
0
What is the hundreds digit of 594448?
4
What is the thousands digit of 92761?
2
What is the millions digit of 24905299?
4
What is the hundred thousands digit of 6527563?
5
What is the hundreds digit of 14859267?
2
What is the hundreds digit of 9667622?
6
What is the tens digit of 445501?
0
What is the tens digit of 489813?
1
What is the units digit of 354083?
3
What is the ten thousands digit of 5497007?
9
What is the tens digit of 7784151?
5
What is the hundred thousands digit of 382384?
3
What is the thousands digit of 1036083?
6
What is the hundred thousands digit of 16255703?
2
What is the ten thousands digit of 3340663?
4
What is the millions digit of 5564523?
5
What is the ten thousands digit of 6153478?
5
What is the tens digit of 12154189?
8
What is the tens digit of 1554124?
2
What is the hundred thousands digit of 11252057?
2
What is the thousands digit of 333416?
3
What is the hundred thousands digit of 2794654?
7
What is the ten thousands digit of 86584?
8
What is the units digit of 7620319?
9
What is the units digit of 11960698?
8
What is the thousands digit of 234415?
4
What is the thousands digit of 151492?
1
What is the thousands digit of 1338559?
8
What is the units digit of 1332797?
7
What is the millions digit of 9389687?
9
What is the tens digit of 166188?
8
What is the thousands digit of 2252214?
2
What is the hundreds digit of 1170925?
9
What is the hundred thousands digit of 3725955?
7
What is the thousands digit of 10005134?
5
What is the tens digit of 500070?
7
What is the ten thousands digit of 1091631?
9
What is the ten thousands digit of 132204?
3
What is the thousands digit of 1579604?
9
What is the thousands digit of 13222856?
2
What is the ten thousands digit of 15908644?
0
What is the millions digit of 10231626?
0
What is the thousands digit of 1498849?
8
What is the hundred thousands digit of 971139?
9
What is the units digit of 81136?
6
What is the thousands digit of 19552462?
2
What is the millions digit of 23491546?
3
What is the hundreds digit of 4064483?
4
What is the hundreds digit of 997580?
5
What is the tens digit of 6139331?
3
What is the hundred thousands digit of 1852466?
8
What is the hundred thousands digit of 267414?
2
What is the hundreds digit of 211740?
7
What is the ten thousands digit of 2256621?
5
What is the units digit of 1164061?
1
What is the hundred thousands digit of 20786750?
7
What is the units digit of 222547?
7
What is the tens digit of 14401942?
4
What is the thousands digit of 198414?
8
What is the tens digit of 3920258?
5
What is the hundred thousands digit of 383766?
3
What is the hundred thousands digit of 13033023?
0
What is the tens digit of 46416?
1
What is the thousands digit of 5863083?
3
What is the hundred thousands digit of 7655459?
6
What is the tens digit of 876216?
1
What is the hundreds digit of 658327?
3
What is the hundreds digit of 1105439?
4
What is the units digit of 160400?
0
What is the hundreds digit of 24708241?
2
What is the tens digit of 34680340?
4
What is the millions digit of 14645327?
4
What is the tens digit of 269363?
6
What is the thousands digit of 660921?
0
What is the tens digit of 4690237?
3
What is the units digit of 448425?
5
What is the ten thousands digit of 3411754?
1
What is the ten millions digit of 24003507?
2
What is the hundred thousands digit of 321045?
3
What is the millions digit of 1175412?
1
What is the hundred thousands digit of 7832041?
8
What is the tens digit of 373013?
1
What is the ten thousands digit of 4798270?
9
What is the hundreds digit of 9802552?
5
What is the tens digit of 289844?
4
What is the ten thousands digit of 1764821?
6
What is the thousands digit of 19409609?
9
What is the ten thousands digit of 841725?
4
What is the hundreds digit of 3500351?
3
What is the thousands digit of 2077654?
7
What is the units digit of 1464035?
5
What is the tens digit of 795241?
4
What is the thousands digit of 376441?
6
What is the units digit of 301247?
7
What is the tens digit of 82365?
6
What is the hundreds digit of 1882772?
7
What is the ten thousands digit of 673130?
7
What is the tens digit of 2890277?
7
What is the hundred thousands digit of 21366972?
3
What is the hundred thousands digit of 1097293?
0
What is the millions digit of 7480733?
7
What is the tens digit of 781860?
6
What is the hundred thousands digit of 210219?
2
What is the tens digit of 570906?
0
What is the tens digit of 1766652?
5
What is the millions digit of 1474850?
1
What is the ten millions digit of 22806617?
2
What is the ten thousands digit of 359056?
5
What is the ten thousands digit of 1737282?
3
What is the hundred thousands digit of 1568922?
5
What is the hundreds digit of 2572497?
4
What is the ten thousands digit of 609968?
0
What is the thousands digit of 2560686?
0
What is the hundred thousands digit of 3561299?
5
What is the hundred thousands digit of 659767?
6
What is the units digit of 27138?
8
What is the millions digit of 16678435?
6
What is the ten thousands digit of 197341?
9
What is the hundreds digit of 1550664?
6
What is the units digit of 7469430?
0
What is the ten thousands digit of 4631374?
3
What is the hundreds digit of 141975?
9
What is the hundreds digit of 19378613?
6
What is the millions digit of 3320620?
3
What is the units digit of 806367?
7
What is the millions digit of 1260355?
1
What is the tens digit of 254481?
8
What is the tens digit of 2976259?
5
What is the ten thousands digit of 307534?
0
What is the ten millions digit of 18194647?
1
What is the hundreds digit of 4693176?
1
What is the ten thousands digit of 341956?
4
What is the units digit of 282510?
0
What is the tens digit of 1651069?
6
What is the ten thousands digit of 5685983?
8
What is the tens digit of 432296?
9
What is the hundred thousands digit of 8501350?
5
What is the units digit of 14126604?
4
What is the units digit of 3750254?
4
What is the millions digit of 412186